{"id":97,"date":"2015-12-07T13:05:35","date_gmt":"2015-12-07T13:05:35","guid":{"rendered":"http:\/\/panontech.com\/wordpress\/?page_id=97"},"modified":"2017-01-17T08:40:16","modified_gmt":"2017-01-17T08:40:16","slug":"waterproofing","status":"publish","type":"page","link":"https:\/\/panontech.com\/?page_id=97","title":{"rendered":"Hidroizolacije"},"content":{"rendered":"<p>Vr\u0161imo izvedbe svih vrsta hidroizolacije (premazi, plo\u010de, folije&#8230;) na raznim vrstama objekata (temelji, AB \u0161ahtovi, spremnici&#8230;) koriste\u0107i pri tome materijale i tehnologije renomiranih svjetskih proizvo\u0111a\u010da hidroizolacijskih sistema.<\/p>\n<p><a href=\"http:\/\/panontech.com\/wp-content\/uploads\/2015\/12\/DSC_0120-e1484140915653.jpg\"><img loading=\"lazy\" class=\"alignnone wp-image-1290 aligncenter\" src=\"http:\/\/panontech.com\/wp-content\/uploads\/2015\/12\/DSC_0120-e1484140915653.jpg\" alt=\"\" width=\"599\" height=\"1065\" srcset=\"https:\/\/panontech.com\/wp-content\/uploads\/2015\/12\/DSC_0120-e1484140915653.jpg 1440w, https:\/\/panontech.com\/wp-content\/uploads\/2015\/12\/DSC_0120-e1484140915653-169x300.jpg 169w, https:\/\/panontech.com\/wp-content\/uploads\/2015\/12\/DSC_0120-e1484140915653-768x1365.jpg 768w, https:\/\/panontech.com\/wp-content\/uploads\/2015\/12\/DSC_0120-e1484140915653-576x1024.jpg 576w, https:\/\/panontech.com\/wp-content\/uploads\/2015\/12\/DSC_0120-e1484140915653-830x1476.jpg 830w, https:\/\/panontech.com\/wp-content\/uploads\/2015\/12\/DSC_0120-e1484140915653-230x409.jpg 230w, https:\/\/panontech.com\/wp-content\/uploads\/2015\/12\/DSC_0120-e1484140915653-350x622.jpg 350w\" sizes=\"(max-width: 599px) 100vw, 599px\" \/><\/a><\/p>\n<p style=\"text-align: center;\">&nbsp; <a href=\"http:\/\/panontech.com\/wp-content\/uploads\/2015\/12\/dda793e1-9ffc-4056-bc4f-ebc350852834.jpg\"><img loading=\"lazy\" class=\"alignnone wp-image-1293\" src=\"http:\/\/panontech.com\/wp-content\/uploads\/2015\/12\/dda793e1-9ffc-4056-bc4f-ebc350852834.jpg\" alt=\"\" width=\"590\" height=\"443\" srcset=\"https:\/\/panontech.com\/wp-content\/uploads\/2015\/12\/dda793e1-9ffc-4056-bc4f-ebc350852834.jpg 800w, https:\/\/panontech.com\/wp-content\/uploads\/2015\/12\/dda793e1-9ffc-4056-bc4f-ebc350852834-300x225.jpg 300w, https:\/\/panontech.com\/wp-content\/uploads\/2015\/12\/dda793e1-9ffc-4056-bc4f-ebc350852834-768x576.jpg 768w, https:\/\/panontech.com\/wp-content\/uploads\/2015\/12\/dda793e1-9ffc-4056-bc4f-ebc350852834-230x173.jpg 230w, https:\/\/panontech.com\/wp-content\/uploads\/2015\/12\/dda793e1-9ffc-4056-bc4f-ebc350852834-350x263.jpg 350w\" sizes=\"(max-width: 590px) 100vw, 590px\" \/><\/a><\/p>\n<p style=\"text-align: center;\"><a href=\"http:\/\/panontech.com\/wp-content\/uploads\/2015\/12\/h3.jpg\"><img loading=\"lazy\" class=\"alignnone size-full wp-image-1294\" src=\"http:\/\/panontech.com\/wp-content\/uploads\/2015\/12\/h3.jpg\" alt=\"\" width=\"600\" height=\"450\" srcset=\"https:\/\/panontech.com\/wp-content\/uploads\/2015\/12\/h3.jpg 600w, https:\/\/panontech.com\/wp-content\/uploads\/2015\/12\/h3-300x225.jpg 300w, https:\/\/panontech.com\/wp-content\/uploads\/2015\/12\/h3-230x173.jpg 230w, https:\/\/panontech.com\/wp-content\/uploads\/2015\/12\/h3-350x263.jpg 350w\" sizes=\"(max-width: 600px) 100vw, 600px\" \/><\/a><\/p>\n<p><a href=\"http:\/\/panontech.com\/wp-content\/uploads\/2015\/12\/rjesenje_06b.jpg\"><img loading=\"lazy\" class=\"alignnone wp-image-1291 aligncenter\" src=\"http:\/\/panontech.com\/wp-content\/uploads\/2015\/12\/rjesenje_06b.jpg\" alt=\"\" width=\"607\" height=\"404\" srcset=\"https:\/\/panontech.com\/wp-content\/uploads\/2015\/12\/rjesenje_06b.jpg 300w, https:\/\/panontech.com\/wp-content\/uploads\/2015\/12\/rjesenje_06b-230x153.jpg 230w, https:\/\/panontech.com\/wp-content\/uploads\/2015\/12\/rjesenje_06b-272x182.jpg 272w\" sizes=\"(max-width: 607px) 100vw, 607px\" \/><\/a><\/p>\n<p>&nbsp;<\/p>","protected":false},"excerpt":{"rendered":"Vr\u0161imo izvedbe svih vrsta hidroizolacije (premazi, plo\u010de, folije&#8230;) na raznim vrstama objekata (temelji, AB \u0161ahtovi, spremnici&#8230;) koriste\u0107i pri tome materijale i tehnologije renomiranih svjetskih proizvo\u0111a\u010da hidroizolacijskih sistema. &nbsp; &nbsp;","protected":false},"author":1,"featured_media":0,"parent":12,"menu_order":0,"comment_status":"closed","ping_status":"closed","template":"","meta":{"ngg_post_thumbnail":0},"categories":[],"tags":[],"_links":{"self":[{"href":"https:\/\/panontech.com\/index.php?rest_route=\/wp\/v2\/pages\/97"}],"collection":[{"href":"https:\/\/panontech.com\/index.php?rest_route=\/wp\/v2\/pages"}],"about":[{"href":"https:\/\/panontech.com\/index.php?rest_route=\/wp\/v2\/types\/page"}],"author":[{"embeddable":true,"href":"https:\/\/panontech.com\/index.php?rest_route=\/wp\/v2\/users\/1"}],"replies":[{"embeddable":true,"href":"https:\/\/panontech.com\/index.php?rest_route=%2Fwp%2Fv2%2Fcomments&post=97"}],"version-history":[{"count":12,"href":"https:\/\/panontech.com\/index.php?rest_route=\/wp\/v2\/pages\/97\/revisions"}],"predecessor-version":[{"id":1679,"href":"https:\/\/panontech.com\/index.php?rest_route=\/wp\/v2\/pages\/97\/revisions\/1679"}],"up":[{"embeddable":true,"href":"https:\/\/panontech.com\/index.php?rest_route=\/wp\/v2\/pages\/12"}],"wp:attachment":[{"href":"https:\/\/panontech.com\/index.php?rest_route=%2Fwp%2Fv2%2Fmedia&parent=97"}],"wp:term":[{"taxonomy":"category","embeddable":true,"href":"https:\/\/panontech.com\/index.php?rest_route=%2Fwp%2Fv2%2Fcategories&post=97"},{"taxonomy":"post_tag","embeddable":true,"href":"https:\/\/panontech.com\/index.php?rest_route=%2Fwp%2Fv2%2Ftags&post=97"}],"curies":[{"name":"wp","href":"https:\/\/api.w.org\/{rel}","templated":true}]}}