{"id":75,"date":"2015-12-07T13:00:46","date_gmt":"2015-12-07T13:00:46","guid":{"rendered":"http:\/\/panontech.com\/wordpress\/?page_id=75"},"modified":"2017-11-13T12:45:24","modified_gmt":"2017-11-13T12:45:24","slug":"covers-for-tanks-and-lagoons","status":"publish","type":"page","link":"https:\/\/panontech.com\/?page_id=75","title":{"rendered":"Pokrovi za spremnike i lagune"},"content":{"rendered":"<p>U ponudi imamo vi\u0161e vrsta pokrova za betonske i \u010deli\u010dne spremnike te lagune.<\/p>\n<p>&nbsp;<\/p>\n<p><strong>Modularni plutaju\u0107i pokrov <\/strong>&#8211; <strong>by Hexa-Cover\u00ae <\/strong><\/p>\n<p><strong><img class=\"CToWUd\" src=\"https:\/\/mail.google.com\/mail\/u\/0\/?ui=2&amp;ik=3b02260089&amp;view=fimg&amp;th=15fb454a30dc9cf4&amp;attid=0.4&amp;disp=emb&amp;realattid=c1f8644072a7aa14_0.13&amp;attbid=ANGjdJ9gARI58OseY_K8VVWC81sz1khhBstereZZ3__x8O5rub9_mv_T_fvLUYz6-M--xmIpxLzvRWjJQZpEdhV032VDo-Ej96DMuI_44HbgxH7vbByWBGcFe--Flwo&amp;sz=s0-l75-ft&amp;ats=1510575617936&amp;rm=15fb454a30dc9cf4&amp;zw&amp;atsh=1\"><\/strong><\/p>\n<p style=\"text-align: left;\"><strong><br \/>\n<\/strong><\/p>\n<p style=\"text-align: center;\"><img loading=\"lazy\" class=\"wp-image-1268 aligncenter\" src=\"http:\/\/panontech.com\/wp-content\/uploads\/2015\/12\/e4a2c548ff0a2613439090fcc97c7898.jpg\" alt=\"\" height=\"285\" width=\"507\" srcset=\"https:\/\/panontech.com\/wp-content\/uploads\/2015\/12\/e4a2c548ff0a2613439090fcc97c7898.jpg 1500w, https:\/\/panontech.com\/wp-content\/uploads\/2015\/12\/e4a2c548ff0a2613439090fcc97c7898-300x169.jpg 300w, https:\/\/panontech.com\/wp-content\/uploads\/2015\/12\/e4a2c548ff0a2613439090fcc97c7898-768x432.jpg 768w, https:\/\/panontech.com\/wp-content\/uploads\/2015\/12\/e4a2c548ff0a2613439090fcc97c7898-1024x575.jpg 1024w, https:\/\/panontech.com\/wp-content\/uploads\/2015\/12\/e4a2c548ff0a2613439090fcc97c7898-830x466.jpg 830w, https:\/\/panontech.com\/wp-content\/uploads\/2015\/12\/e4a2c548ff0a2613439090fcc97c7898-230x129.jpg 230w, https:\/\/panontech.com\/wp-content\/uploads\/2015\/12\/e4a2c548ff0a2613439090fcc97c7898-350x197.jpg 350w\" sizes=\"(max-width: 507px) 100vw, 507px\" \/><img loading=\"lazy\" class=\"wp-image-1264 aligncenter\" src=\"http:\/\/panontech.com\/wp-content\/uploads\/2015\/12\/1_2204.jpg\" alt=\"\" height=\"381\" width=\"508\" srcset=\"https:\/\/panontech.com\/wp-content\/uploads\/2015\/12\/1_2204.jpg 489w, https:\/\/panontech.com\/wp-content\/uploads\/2015\/12\/1_2204-300x225.jpg 300w, https:\/\/panontech.com\/wp-content\/uploads\/2015\/12\/1_2204-230x173.jpg 230w, https:\/\/panontech.com\/wp-content\/uploads\/2015\/12\/1_2204-350x263.jpg 350w\" sizes=\"(max-width: 508px) 100vw, 508px\" \/><\/p>\n<p style=\"text-align: center;\">&nbsp;<\/p>\n<p><a href=\"http:\/\/panontech.com\/wp-content\/uploads\/2015\/12\/24_2296.jpg\"><img loading=\"lazy\" class=\"alignnone wp-image-1266 aligncenter\" src=\"http:\/\/panontech.com\/wp-content\/uploads\/2015\/12\/24_2296.jpg\" alt=\"\" height=\"381\" width=\"508\" srcset=\"https:\/\/panontech.com\/wp-content\/uploads\/2015\/12\/24_2296.jpg 489w, https:\/\/panontech.com\/wp-content\/uploads\/2015\/12\/24_2296-300x225.jpg 300w, https:\/\/panontech.com\/wp-content\/uploads\/2015\/12\/24_2296-230x173.jpg 230w, https:\/\/panontech.com\/wp-content\/uploads\/2015\/12\/24_2296-350x263.jpg 350w\" sizes=\"(max-width: 508px) 100vw, 508px\" \/><\/a><\/p>\n<ul>\n<li><span id=\"result_box\" class=\"\" lang=\"hr\"><span class=\"\">Za<\/span> <span class=\"\">otvorene<\/span> lagune i spremnika za gnojivo, industriju i vode koje su izra\u0111ene od 100% <span class=\"\">recikliranog polypropilena<\/span> sa UV za\u0161titom u obliku \u0161esterokuta&nbsp;&nbsp;&nbsp;&nbsp; <\/span><\/li>\n<li><span id=\"result_box\" class=\"\" lang=\"hr\"><span class=\"\">O\u010dekivani<\/span> <span class=\"\">rok trajanja<\/span> od najmanje 25 godina<br \/>\n<\/span><\/li>\n<li><span id=\"result_box\" class=\"\" lang=\"hr\">Pokriva <span class=\"\">povr\u0161inu teku\u0107ine<\/span> do 99%,<br \/>\n<\/span><\/li>\n<li><span id=\"result_box\" class=\"\" lang=\"hr\">Smanjuje isparavanja <span class=\"\">du\u0161ika<\/span> <span class=\"\">95-97<\/span>%<br \/>\n<\/span><\/li>\n<li><span id=\"result_box\" class=\"\" lang=\"hr\">Smanjuje mirise za 90%<br \/>\n<\/span><\/li>\n<li><span id=\"result_box\" class=\"\" lang=\"hr\">Odr\u017eava se temperatura ispod povr\u0161ine,&nbsp;<\/span><\/li>\n<li><span id=\"result_box\" class=\"\" lang=\"hr\">Omogu\u0107uje gnojivo kvalitetnog sadr\u017eaja<br \/>\n<\/span><\/li>\n<li><span id=\"result_box\" class=\"\" lang=\"hr\">Smanjuje isparavanje vode i spre\u010dava stvaranje <span class=\"\">algi<\/span><span class=\"\">.<\/span><\/span><\/li>\n<\/ul>\n<p><a href=\"http:\/\/panontech.com\/wp-content\/uploads\/2015\/12\/f2b17e91bc098155a9bbff274a99cb97.jpg\"><img loading=\"lazy\" class=\"wp-image-1269 aligncenter\" src=\"http:\/\/panontech.com\/wp-content\/uploads\/2015\/12\/f2b17e91bc098155a9bbff274a99cb97.jpg\" alt=\"\" height=\"660\" width=\"880\" srcset=\"https:\/\/panontech.com\/wp-content\/uploads\/2015\/12\/f2b17e91bc098155a9bbff274a99cb97.jpg 1500w, https:\/\/panontech.com\/wp-content\/uploads\/2015\/12\/f2b17e91bc098155a9bbff274a99cb97-300x225.jpg 300w, https:\/\/panontech.com\/wp-content\/uploads\/2015\/12\/f2b17e91bc098155a9bbff274a99cb97-768x576.jpg 768w, https:\/\/panontech.com\/wp-content\/uploads\/2015\/12\/f2b17e91bc098155a9bbff274a99cb97-1024x768.jpg 1024w, https:\/\/panontech.com\/wp-content\/uploads\/2015\/12\/f2b17e91bc098155a9bbff274a99cb97-830x623.jpg 830w, https:\/\/panontech.com\/wp-content\/uploads\/2015\/12\/f2b17e91bc098155a9bbff274a99cb97-230x173.jpg 230w, https:\/\/panontech.com\/wp-content\/uploads\/2015\/12\/f2b17e91bc098155a9bbff274a99cb97-350x263.jpg 350w\" sizes=\"(max-width: 880px) 100vw, 880px\" \/><\/a> <a href=\"http:\/\/panontech.com\/wp-content\/uploads\/2015\/12\/d7a4b5c69da5993aecd158ec20f2b16f.jpg\"><img loading=\"lazy\" class=\"wp-image-1270 aligncenter\" src=\"http:\/\/panontech.com\/wp-content\/uploads\/2015\/12\/d7a4b5c69da5993aecd158ec20f2b16f.jpg\" alt=\"\" height=\"661\" width=\"881\" srcset=\"https:\/\/panontech.com\/wp-content\/uploads\/2015\/12\/d7a4b5c69da5993aecd158ec20f2b16f.jpg 1500w, https:\/\/panontech.com\/wp-content\/uploads\/2015\/12\/d7a4b5c69da5993aecd158ec20f2b16f-300x225.jpg 300w, https:\/\/panontech.com\/wp-content\/uploads\/2015\/12\/d7a4b5c69da5993aecd158ec20f2b16f-768x576.jpg 768w, https:\/\/panontech.com\/wp-content\/uploads\/2015\/12\/d7a4b5c69da5993aecd158ec20f2b16f-1024x768.jpg 1024w, https:\/\/panontech.com\/wp-content\/uploads\/2015\/12\/d7a4b5c69da5993aecd158ec20f2b16f-830x623.jpg 830w, https:\/\/panontech.com\/wp-content\/uploads\/2015\/12\/d7a4b5c69da5993aecd158ec20f2b16f-230x173.jpg 230w, https:\/\/panontech.com\/wp-content\/uploads\/2015\/12\/d7a4b5c69da5993aecd158ec20f2b16f-350x263.jpg 350w\" sizes=\"(max-width: 881px) 100vw, 881px\" \/><\/a><\/p>\n<p>Saznajte vi\u0161e na: <a href=\"http:\/\/www.hexa-cover.dk\/\">http:\/\/www.hexa-cover.dk\/<\/a><\/p>\n<p>&nbsp;<\/p>\n<p>&nbsp;<\/p>\n<p>&nbsp;<\/p>\n<p><strong>Ceradni pokrov<br \/>\n<\/strong><\/p>\n<p><a href=\"http:\/\/panontech.com\/wp-content\/uploads\/2015\/12\/Ceradni.jpg\"><img loading=\"lazy\" class=\"wp-image-1402 aligncenter\" src=\"http:\/\/panontech.com\/wp-content\/uploads\/2015\/12\/Ceradni.jpg\" alt=\"\" height=\"402\" width=\"865\" srcset=\"https:\/\/panontech.com\/wp-content\/uploads\/2015\/12\/Ceradni.jpg 1595w, https:\/\/panontech.com\/wp-content\/uploads\/2015\/12\/Ceradni-300x140.jpg 300w, https:\/\/panontech.com\/wp-content\/uploads\/2015\/12\/Ceradni-768x357.jpg 768w, https:\/\/panontech.com\/wp-content\/uploads\/2015\/12\/Ceradni-1024x476.jpg 1024w, https:\/\/panontech.com\/wp-content\/uploads\/2015\/12\/Ceradni-830x386.jpg 830w, https:\/\/panontech.com\/wp-content\/uploads\/2015\/12\/Ceradni-230x107.jpg 230w, https:\/\/panontech.com\/wp-content\/uploads\/2015\/12\/Ceradni-350x163.jpg 350w\" sizes=\"(max-width: 865px) 100vw, 865px\" \/><\/a><\/p>\n<ul>\n<li><span id=\"source-is\" class=\"goog-textarea short_text\" dir=\"ltr\" spellcheck=\"false\" lang=\"hr\">Izra\u0111ene su od najkvalitetnijeg PVC materijala te\u017eine 900 g \/ m2, \u0161to osigurava <span class=\"\">maksimalnu otpornost na<\/span> pucanje i istezanje.<\/span><\/li>\n<li><span id=\"result_box\" class=\"\" lang=\"hr\"><span class=\"\">Sredi\u0161nji<\/span> <span class=\"\">stup<\/span> izra\u0111en je od najkvalitetnijeg drveta i \u010dini glavni nosa\u010d kvalitetne i \u010dvrste konstrukcije<\/span><\/li>\n<li>Vr\u0161na kapa krova je robustna i velika, osigurava dobro dr\u017eanje krovne cerade pomo\u0107u mnogobrojnih vijaka i za\u0161titnog dvostrukog sloja, maksimalnu stabilnost na centralnom stupu, te ujedno omogu\u0107uje lak\u0161e i sigurnije postavljanje.<\/li>\n<li id=\"gt-res-data\">\n<div id=\"gt-res-wrap\">\n<div id=\"gt-res-content\">\n<div dir=\"ltr\"><span id=\"result_box\" class=\"\" lang=\"hr\">Svi zateza\u010di na\u010dinjeni su od nehr\u0111aju\u0107eg \u010delika te lako zate\u017eu gurtne koje podnose do 2000 kg optere\u0107enja <\/span><\/div>\n<div dir=\"ltr\"><span id=\"result_box\" class=\"\" lang=\"hr\">pojedina\u010dno<\/span><\/div>\n<\/div>\n<\/div>\n<div dir=\"ltr\">&nbsp;<\/div>\n<\/li>\n<\/ul>\n<p><a href=\"http:\/\/panontech.com\/wp-content\/uploads\/2015\/12\/krovovi2.jpg\"><img loading=\"lazy\" class=\"wp-image-1404 aligncenter\" src=\"http:\/\/panontech.com\/wp-content\/uploads\/2015\/12\/krovovi2.jpg\" alt=\"\" height=\"847\" width=\"635\" srcset=\"https:\/\/panontech.com\/wp-content\/uploads\/2015\/12\/krovovi2.jpg 734w, https:\/\/panontech.com\/wp-content\/uploads\/2015\/12\/krovovi2-225x300.jpg 225w, https:\/\/panontech.com\/wp-content\/uploads\/2015\/12\/krovovi2-230x307.jpg 230w, https:\/\/panontech.com\/wp-content\/uploads\/2015\/12\/krovovi2-350x467.jpg 350w\" sizes=\"(max-width: 635px) 100vw, 635px\" \/><\/a><a href=\"http:\/\/panontech.com\/wp-content\/uploads\/2015\/12\/krov.jpg\"><img loading=\"lazy\" class=\"wp-image-1403 aligncenter\" src=\"http:\/\/panontech.com\/wp-content\/uploads\/2015\/12\/krov.jpg\" alt=\"\" height=\"474\" width=\"633\" srcset=\"https:\/\/panontech.com\/wp-content\/uploads\/2015\/12\/krov.jpg 979w, https:\/\/panontech.com\/wp-content\/uploads\/2015\/12\/krov-300x225.jpg 300w, https:\/\/panontech.com\/wp-content\/uploads\/2015\/12\/krov-768x576.jpg 768w, https:\/\/panontech.com\/wp-content\/uploads\/2015\/12\/krov-830x622.jpg 830w, https:\/\/panontech.com\/wp-content\/uploads\/2015\/12\/krov-230x172.jpg 230w, https:\/\/panontech.com\/wp-content\/uploads\/2015\/12\/krov-350x262.jpg 350w\" sizes=\"(max-width: 633px) 100vw, 633px\" \/><\/a><\/p>\n<p><a href=\"http:\/\/panontech.com\/wp-content\/uploads\/2015\/12\/slurry-tank-spremnik-rezervoar-2.jpg\"><img loading=\"lazy\" class=\"wp-image-1286 aligncenter\" src=\"http:\/\/panontech.com\/wp-content\/uploads\/2015\/12\/slurry-tank-spremnik-rezervoar-2.jpg\" alt=\"\" height=\"474\" width=\"632\" srcset=\"https:\/\/panontech.com\/wp-content\/uploads\/2015\/12\/slurry-tank-spremnik-rezervoar-2.jpg 720w, https:\/\/panontech.com\/wp-content\/uploads\/2015\/12\/slurry-tank-spremnik-rezervoar-2-300x225.jpg 300w, https:\/\/panontech.com\/wp-content\/uploads\/2015\/12\/slurry-tank-spremnik-rezervoar-2-230x173.jpg 230w, https:\/\/panontech.com\/wp-content\/uploads\/2015\/12\/slurry-tank-spremnik-rezervoar-2-350x263.jpg 350w\" sizes=\"(max-width: 632px) 100vw, 632px\" \/><\/a><\/p>\n<p><a href=\"http:\/\/panontech.com\/wp-content\/uploads\/2015\/12\/b00000098bf138d3313.jpg\"><img loading=\"lazy\" class=\"wp-image-1277 aligncenter\" src=\"http:\/\/panontech.com\/wp-content\/uploads\/2015\/12\/b00000098bf138d3313.jpg\" alt=\"\" height=\"465\" width=\"629\" srcset=\"https:\/\/panontech.com\/wp-content\/uploads\/2015\/12\/b00000098bf138d3313.jpg 438w, https:\/\/panontech.com\/wp-content\/uploads\/2015\/12\/b00000098bf138d3313-300x222.jpg 300w, https:\/\/panontech.com\/wp-content\/uploads\/2015\/12\/b00000098bf138d3313-230x170.jpg 230w, https:\/\/panontech.com\/wp-content\/uploads\/2015\/12\/b00000098bf138d3313-350x259.jpg 350w\" sizes=\"(max-width: 629px) 100vw, 629px\" \/><\/a><\/p>\n<p>&nbsp;<\/p>\n<p><strong>Dvostruka membrana<br \/>\n<\/strong><\/p>\n<p><a href=\"http:\/\/panontech.com\/wp-content\/uploads\/2015\/12\/Memb_krovovi.jpg\"><img loading=\"lazy\" class=\"wp-image-1405 aligncenter\" src=\"http:\/\/panontech.com\/wp-content\/uploads\/2015\/12\/Memb_krovovi.jpg\" alt=\"\" height=\"413\" width=\"734\" srcset=\"https:\/\/panontech.com\/wp-content\/uploads\/2015\/12\/Memb_krovovi.jpg 1154w, https:\/\/panontech.com\/wp-content\/uploads\/2015\/12\/Memb_krovovi-300x169.jpg 300w, https:\/\/panontech.com\/wp-content\/uploads\/2015\/12\/Memb_krovovi-768x432.jpg 768w, https:\/\/panontech.com\/wp-content\/uploads\/2015\/12\/Memb_krovovi-1024x576.jpg 1024w, https:\/\/panontech.com\/wp-content\/uploads\/2015\/12\/Memb_krovovi-830x467.jpg 830w, https:\/\/panontech.com\/wp-content\/uploads\/2015\/12\/Memb_krovovi-230x129.jpg 230w, https:\/\/panontech.com\/wp-content\/uploads\/2015\/12\/Memb_krovovi-350x197.jpg 350w\" sizes=\"(max-width: 734px) 100vw, 734px\" \/><\/a><\/p>\n<ul>\n<li><span id=\"result_box\" class=\"\" lang=\"hr\">Krovna membranska konstrukcija bioplinskih postrojenja izvedena je s integriranim spremnikom plina.<br \/>\n<\/span><\/li>\n<li><span id=\"result_box\" class=\"\" lang=\"hr\">Unutarnja membrana tretirana je posebnim premazom za potpunu nepropusnost i otpornost na plin.<br \/>\n<\/span><\/li>\n<li><span id=\"result_box\" class=\"\" lang=\"hr\"><span class=\"\">Vanjska membrana<\/span> je UV-stabilizira.<\/span><span id=\"result_box\" class=\"\" lang=\"hr\"><br \/>\n<\/span><\/li>\n<li><span id=\"result_box\" class=\"\" lang=\"hr\"><span class=\"\">Nosiva konstrukcija se sastoji<\/span> od srednjeg stupa izra\u0111enog od nehr\u0111aju\u0107eg \u010delika, <span class=\"\">sustava sigurnosnog pojasa<\/span> i pokrivanje mre\u017ee.<\/span><\/li>\n<li><span id=\"result_box\" class=\"\" lang=\"hr\">Mehani\u010dki ure\u0111aj <span class=\"\">za mjerenje koli\u010dine<\/span> plina na mjernom cijevi i magnet, 3 komada magnetske sklopke (osiguranje <span class=\"\">od eksplozije<\/span><span class=\"\">).<\/span><\/span><\/li>\n<\/ul>\n<p><a href=\"http:\/\/panontech.com\/wp-content\/uploads\/2015\/12\/74e724f6-ac50-4634-a773-c43bbdd45c17.jpg\"><img loading=\"lazy\" class=\"wp-image-1400 aligncenter\" src=\"http:\/\/panontech.com\/wp-content\/uploads\/2015\/12\/74e724f6-ac50-4634-a773-c43bbdd45c17.jpg\" alt=\"\" height=\"450\" width=\"600\" srcset=\"https:\/\/panontech.com\/wp-content\/uploads\/2015\/12\/74e724f6-ac50-4634-a773-c43bbdd45c17.jpg 800w, https:\/\/panontech.com\/wp-content\/uploads\/2015\/12\/74e724f6-ac50-4634-a773-c43bbdd45c17-300x225.jpg 300w, https:\/\/panontech.com\/wp-content\/uploads\/2015\/12\/74e724f6-ac50-4634-a773-c43bbdd45c17-768x576.jpg 768w, https:\/\/panontech.com\/wp-content\/uploads\/2015\/12\/74e724f6-ac50-4634-a773-c43bbdd45c17-230x173.jpg 230w, https:\/\/panontech.com\/wp-content\/uploads\/2015\/12\/74e724f6-ac50-4634-a773-c43bbdd45c17-350x263.jpg 350w\" sizes=\"(max-width: 600px) 100vw, 600px\" \/><\/a><\/p>\n<p><a href=\"http:\/\/panontech.com\/wp-content\/uploads\/2015\/12\/8881fc568b.png\"><img loading=\"lazy\" class=\"wp-image-1274 aligncenter\" src=\"http:\/\/panontech.com\/wp-content\/uploads\/2015\/12\/8881fc568b.png\" alt=\"\" height=\"449\" width=\"598\" srcset=\"https:\/\/panontech.com\/wp-content\/uploads\/2015\/12\/8881fc568b.png 444w, https:\/\/panontech.com\/wp-content\/uploads\/2015\/12\/8881fc568b-300x225.png 300w, https:\/\/panontech.com\/wp-content\/uploads\/2015\/12\/8881fc568b-230x173.png 230w, https:\/\/panontech.com\/wp-content\/uploads\/2015\/12\/8881fc568b-350x263.png 350w\" sizes=\"(max-width: 598px) 100vw, 598px\" \/><\/a><\/p>\n<p>Ovisno o vrsti spremnika i uskladi\u0161tenog materijala uvijek se trudimo na\u0161im klijentima ponuditi najbolje rje\u0161enje!<\/p>","protected":false},"excerpt":{"rendered":"U ponudi imamo vi\u0161e vrsta pokrova za betonske i \u010deli\u010dne spremnike te lagune. &nbsp; Modularni plutaju\u0107i pokrov &#8211; by Hexa-Cover\u00ae &nbsp; Za otvorene lagune i spremnika za gnojivo, industriju i vode koje su izra\u0111ene od 100% recikliranog polypropilena sa UV za\u0161titom u obliku \u0161esterokuta&nbsp;&nbsp;&nbsp;&nbsp; O\u010dekivani rok trajanja od najmanje 25 godina Pokriva povr\u0161inu teku\u0107ine do [&hellip;]","protected":false},"author":1,"featured_media":0,"parent":10,"menu_order":0,"comment_status":"closed","ping_status":"closed","template":"","meta":{"ngg_post_thumbnail":0},"categories":[],"tags":[],"_links":{"self":[{"href":"https:\/\/panontech.com\/index.php?rest_route=\/wp\/v2\/pages\/75"}],"collection":[{"href":"https:\/\/panontech.com\/index.php?rest_route=\/wp\/v2\/pages"}],"about":[{"href":"https:\/\/panontech.com\/index.php?rest_route=\/wp\/v2\/types\/page"}],"author":[{"embeddable":true,"href":"https:\/\/panontech.com\/index.php?rest_route=\/wp\/v2\/users\/1"}],"replies":[{"embeddable":true,"href":"https:\/\/panontech.com\/index.php?rest_route=%2Fwp%2Fv2%2Fcomments&post=75"}],"version-history":[{"count":27,"href":"https:\/\/panontech.com\/index.php?rest_route=\/wp\/v2\/pages\/75\/revisions"}],"predecessor-version":[{"id":1763,"href":"https:\/\/panontech.com\/index.php?rest_route=\/wp\/v2\/pages\/75\/revisions\/1763"}],"up":[{"embeddable":true,"href":"https:\/\/panontech.com\/index.php?rest_route=\/wp\/v2\/pages\/10"}],"wp:attachment":[{"href":"https:\/\/panontech.com\/index.php?rest_route=%2Fwp%2Fv2%2Fmedia&parent=75"}],"wp:term":[{"taxonomy":"category","embeddable":true,"href":"https:\/\/panontech.com\/index.php?rest_route=%2Fwp%2Fv2%2Fcategories&post=75"},{"taxonomy":"post_tag","embeddable":true,"href":"https:\/\/panontech.com\/index.php?rest_route=%2Fwp%2Fv2%2Ftags&post=75"}],"curies":[{"name":"wp","href":"https:\/\/api.w.org\/{rel}","templated":true}]}}