{"id":1491,"date":"2017-01-13T10:14:08","date_gmt":"2017-01-13T10:14:08","guid":{"rendered":"http:\/\/panontech.com\/?page_id=1491"},"modified":"2017-01-16T10:34:09","modified_gmt":"2017-01-16T10:34:09","slug":"steel-constructions","status":"publish","type":"page","link":"https:\/\/panontech.com\/?page_id=1491","title":{"rendered":"\u010celi\u010dne konstrukcije"},"content":{"rendered":"<p>Izra\u0111ujemo i montiramo sve vrste \u010deli\u010dnih konstrukcija, te&nbsp; vr\u0161imo usluge planiranja i savjetovanja, izvo\u0111enja bravarskih i limarskih radova za:<\/p>\n<p>&#8211; \u010deli\u010dne konstrukcije za hale svih tipova i veli\u010dina<br \/>\n&#8211; podkonstrukcije za krovove i fasade<br \/>\n&#8211; nadstre\u0161nice za parkirali\u0161ta, dvori\u0161ta<br \/>\n&#8211; nosa\u010de, stupove i grede<\/p>\n<p>&nbsp;<\/p>\n<p><a href=\"http:\/\/panontech.com\/wp-content\/uploads\/2017\/01\/a-4.jpg\"><img loading=\"lazy\" class=\"wp-image-1621 aligncenter\" src=\"http:\/\/panontech.com\/wp-content\/uploads\/2017\/01\/a-4.jpg\" alt=\"\" width=\"514\" height=\"247\" srcset=\"https:\/\/panontech.com\/wp-content\/uploads\/2017\/01\/a-4.jpg 1212w, https:\/\/panontech.com\/wp-content\/uploads\/2017\/01\/a-4-300x144.jpg 300w, https:\/\/panontech.com\/wp-content\/uploads\/2017\/01\/a-4-768x369.jpg 768w, https:\/\/panontech.com\/wp-content\/uploads\/2017\/01\/a-4-1024x493.jpg 1024w, https:\/\/panontech.com\/wp-content\/uploads\/2017\/01\/a-4-830x399.jpg 830w, https:\/\/panontech.com\/wp-content\/uploads\/2017\/01\/a-4-230x111.jpg 230w, https:\/\/panontech.com\/wp-content\/uploads\/2017\/01\/a-4-350x168.jpg 350w\" sizes=\"(max-width: 514px) 100vw, 514px\" \/><\/a><\/p>\n<p><a href=\"http:\/\/panontech.com\/wp-content\/uploads\/2017\/01\/a-5.jpg\"><img loading=\"lazy\" class=\"wp-image-1622 aligncenter\" src=\"http:\/\/panontech.com\/wp-content\/uploads\/2017\/01\/a-5.jpg\" alt=\"\" width=\"518\" height=\"388\" srcset=\"https:\/\/panontech.com\/wp-content\/uploads\/2017\/01\/a-5.jpg 800w, https:\/\/panontech.com\/wp-content\/uploads\/2017\/01\/a-5-300x225.jpg 300w, https:\/\/panontech.com\/wp-content\/uploads\/2017\/01\/a-5-768x576.jpg 768w, https:\/\/panontech.com\/wp-content\/uploads\/2017\/01\/a-5-230x173.jpg 230w, https:\/\/panontech.com\/wp-content\/uploads\/2017\/01\/a-5-350x263.jpg 350w\" sizes=\"(max-width: 518px) 100vw, 518px\" \/><\/a><\/p>\n<p style=\"text-align: center;\"><a href=\"http:\/\/panontech.com\/wp-content\/uploads\/2015\/12\/IMG_3958.jpg\"><img loading=\"lazy\" class=\" wp-image-1434 aligncenter\" src=\"http:\/\/panontech.com\/wp-content\/uploads\/2015\/12\/IMG_3958.jpg\" alt=\"\" width=\"525\" height=\"394\" srcset=\"https:\/\/panontech.com\/wp-content\/uploads\/2015\/12\/IMG_3958.jpg 3264w, https:\/\/panontech.com\/wp-content\/uploads\/2015\/12\/IMG_3958-300x225.jpg 300w, https:\/\/panontech.com\/wp-content\/uploads\/2015\/12\/IMG_3958-768x576.jpg 768w, https:\/\/panontech.com\/wp-content\/uploads\/2015\/12\/IMG_3958-1024x768.jpg 1024w, https:\/\/panontech.com\/wp-content\/uploads\/2015\/12\/IMG_3958-830x623.jpg 830w, https:\/\/panontech.com\/wp-content\/uploads\/2015\/12\/IMG_3958-230x173.jpg 230w, https:\/\/panontech.com\/wp-content\/uploads\/2015\/12\/IMG_3958-350x263.jpg 350w\" sizes=\"(max-width: 525px) 100vw, 525px\" \/><\/a><\/p>\n<p style=\"text-align: center;\"><a href=\"http:\/\/panontech.com\/wp-content\/uploads\/2017\/01\/20140523_151234.jpg\"><img loading=\"lazy\" class=\"alignnone wp-image-1562\" src=\"http:\/\/panontech.com\/wp-content\/uploads\/2017\/01\/20140523_151234.jpg\" alt=\"\" width=\"530\" height=\"298\" srcset=\"https:\/\/panontech.com\/wp-content\/uploads\/2017\/01\/20140523_151234.jpg 2048w, https:\/\/panontech.com\/wp-content\/uploads\/2017\/01\/20140523_151234-300x169.jpg 300w, https:\/\/panontech.com\/wp-content\/uploads\/2017\/01\/20140523_151234-768x432.jpg 768w, https:\/\/panontech.com\/wp-content\/uploads\/2017\/01\/20140523_151234-1024x576.jpg 1024w, https:\/\/panontech.com\/wp-content\/uploads\/2017\/01\/20140523_151234-830x467.jpg 830w, https:\/\/panontech.com\/wp-content\/uploads\/2017\/01\/20140523_151234-230x129.jpg 230w, https:\/\/panontech.com\/wp-content\/uploads\/2017\/01\/20140523_151234-350x197.jpg 350w\" sizes=\"(max-width: 530px) 100vw, 530px\" \/><\/a><\/p>\n<p style=\"text-align: center;\"><a href=\"http:\/\/panontech.com\/wp-content\/uploads\/2017\/01\/30072009552.jpg\"><img loading=\"lazy\" class=\"wp-image-1510 aligncenter\" src=\"http:\/\/panontech.com\/wp-content\/uploads\/2017\/01\/30072009552.jpg\" alt=\"\" width=\"537\" height=\"403\" srcset=\"https:\/\/panontech.com\/wp-content\/uploads\/2017\/01\/30072009552.jpg 2592w, https:\/\/panontech.com\/wp-content\/uploads\/2017\/01\/30072009552-300x225.jpg 300w, https:\/\/panontech.com\/wp-content\/uploads\/2017\/01\/30072009552-768x576.jpg 768w, https:\/\/panontech.com\/wp-content\/uploads\/2017\/01\/30072009552-1024x768.jpg 1024w, https:\/\/panontech.com\/wp-content\/uploads\/2017\/01\/30072009552-830x623.jpg 830w, https:\/\/panontech.com\/wp-content\/uploads\/2017\/01\/30072009552-230x173.jpg 230w, https:\/\/panontech.com\/wp-content\/uploads\/2017\/01\/30072009552-350x263.jpg 350w\" sizes=\"(max-width: 537px) 100vw, 537px\" \/><\/a><\/p>\n<p style=\"text-align: center;\"><a href=\"http:\/\/panontech.com\/wp-content\/uploads\/2017\/01\/image-e5cb8071d37a372a535d15494e6c134c1f105dfcb9a3141e5a84bb68a3b5d5c4-V.jpg\"><img loading=\"lazy\" class=\"alignnone wp-image-1564\" src=\"http:\/\/panontech.com\/wp-content\/uploads\/2017\/01\/image-e5cb8071d37a372a535d15494e6c134c1f105dfcb9a3141e5a84bb68a3b5d5c4-V.jpg\" alt=\"\" width=\"541\" height=\"304\" srcset=\"https:\/\/panontech.com\/wp-content\/uploads\/2017\/01\/image-e5cb8071d37a372a535d15494e6c134c1f105dfcb9a3141e5a84bb68a3b5d5c4-V.jpg 1280w, https:\/\/panontech.com\/wp-content\/uploads\/2017\/01\/image-e5cb8071d37a372a535d15494e6c134c1f105dfcb9a3141e5a84bb68a3b5d5c4-V-300x169.jpg 300w, https:\/\/panontech.com\/wp-content\/uploads\/2017\/01\/image-e5cb8071d37a372a535d15494e6c134c1f105dfcb9a3141e5a84bb68a3b5d5c4-V-768x432.jpg 768w, https:\/\/panontech.com\/wp-content\/uploads\/2017\/01\/image-e5cb8071d37a372a535d15494e6c134c1f105dfcb9a3141e5a84bb68a3b5d5c4-V-1024x576.jpg 1024w, https:\/\/panontech.com\/wp-content\/uploads\/2017\/01\/image-e5cb8071d37a372a535d15494e6c134c1f105dfcb9a3141e5a84bb68a3b5d5c4-V-830x467.jpg 830w, https:\/\/panontech.com\/wp-content\/uploads\/2017\/01\/image-e5cb8071d37a372a535d15494e6c134c1f105dfcb9a3141e5a84bb68a3b5d5c4-V-230x129.jpg 230w, https:\/\/panontech.com\/wp-content\/uploads\/2017\/01\/image-e5cb8071d37a372a535d15494e6c134c1f105dfcb9a3141e5a84bb68a3b5d5c4-V-350x197.jpg 350w\" sizes=\"(max-width: 541px) 100vw, 541px\" \/><\/a><a href=\"http:\/\/panontech.com\/wp-content\/uploads\/2017\/01\/kad.jpg\"><img loading=\"lazy\" class=\" wp-image-1583 aligncenter\" src=\"http:\/\/panontech.com\/wp-content\/uploads\/2017\/01\/kad.jpg\" alt=\"\" width=\"554\" height=\"311\" srcset=\"https:\/\/panontech.com\/wp-content\/uploads\/2017\/01\/kad.jpg 4128w, https:\/\/panontech.com\/wp-content\/uploads\/2017\/01\/kad-300x169.jpg 300w, https:\/\/panontech.com\/wp-content\/uploads\/2017\/01\/kad-768x432.jpg 768w, https:\/\/panontech.com\/wp-content\/uploads\/2017\/01\/kad-1024x576.jpg 1024w, https:\/\/panontech.com\/wp-content\/uploads\/2017\/01\/kad-830x467.jpg 830w, https:\/\/panontech.com\/wp-content\/uploads\/2017\/01\/kad-230x129.jpg 230w, https:\/\/panontech.com\/wp-content\/uploads\/2017\/01\/kad-350x197.jpg 350w\" sizes=\"(max-width: 554px) 100vw, 554px\" \/><\/a><\/p>\n<p style=\"text-align: center;\"><a href=\"http:\/\/panontech.com\/wp-content\/uploads\/2015\/12\/DSCN2882.jpg\"><img loading=\"lazy\" class=\"wp-image-1439 aligncenter\" src=\"http:\/\/panontech.com\/wp-content\/uploads\/2015\/12\/DSCN2882.jpg\" alt=\"\" width=\"532\" height=\"399\" srcset=\"https:\/\/panontech.com\/wp-content\/uploads\/2015\/12\/DSCN2882.jpg 1728w, https:\/\/panontech.com\/wp-content\/uploads\/2015\/12\/DSCN2882-300x225.jpg 300w, https:\/\/panontech.com\/wp-content\/uploads\/2015\/12\/DSCN2882-768x576.jpg 768w, https:\/\/panontech.com\/wp-content\/uploads\/2015\/12\/DSCN2882-1024x768.jpg 1024w, https:\/\/panontech.com\/wp-content\/uploads\/2015\/12\/DSCN2882-830x623.jpg 830w, https:\/\/panontech.com\/wp-content\/uploads\/2015\/12\/DSCN2882-230x173.jpg 230w, https:\/\/panontech.com\/wp-content\/uploads\/2015\/12\/DSCN2882-350x263.jpg 350w\" sizes=\"(max-width: 532px) 100vw, 532px\" \/><\/a>&nbsp;<\/p>\n<p style=\"text-align: center;\">&nbsp;<\/p>\n<p style=\"text-align: center;\"><a href=\"http:\/\/panontech.com\/wp-content\/uploads\/2015\/12\/IMG_0836.jpg\"><img loading=\"lazy\" class=\"wp-image-1436 aligncenter\" src=\"http:\/\/panontech.com\/wp-content\/uploads\/2015\/12\/IMG_0836.jpg\" alt=\"\" width=\"533\" height=\"400\" srcset=\"https:\/\/panontech.com\/wp-content\/uploads\/2015\/12\/IMG_0836.jpg 2048w, https:\/\/panontech.com\/wp-content\/uploads\/2015\/12\/IMG_0836-300x225.jpg 300w, https:\/\/panontech.com\/wp-content\/uploads\/2015\/12\/IMG_0836-768x576.jpg 768w, https:\/\/panontech.com\/wp-content\/uploads\/2015\/12\/IMG_0836-1024x768.jpg 1024w, https:\/\/panontech.com\/wp-content\/uploads\/2015\/12\/IMG_0836-830x623.jpg 830w, https:\/\/panontech.com\/wp-content\/uploads\/2015\/12\/IMG_0836-230x173.jpg 230w, https:\/\/panontech.com\/wp-content\/uploads\/2015\/12\/IMG_0836-350x263.jpg 350w\" sizes=\"(max-width: 533px) 100vw, 533px\" \/><\/a><\/p>\n<p>&nbsp;<\/p>\n<p><a href=\"http:\/\/panontech.com\/wp-content\/uploads\/2015\/12\/IMG_0917.jpg\"><img loading=\"lazy\" class=\"wp-image-1437 aligncenter\" src=\"http:\/\/panontech.com\/wp-content\/uploads\/2015\/12\/IMG_0917.jpg\" alt=\"\" width=\"526\" height=\"394\" srcset=\"https:\/\/panontech.com\/wp-content\/uploads\/2015\/12\/IMG_0917.jpg 2048w, https:\/\/panontech.com\/wp-content\/uploads\/2015\/12\/IMG_0917-300x225.jpg 300w, https:\/\/panontech.com\/wp-content\/uploads\/2015\/12\/IMG_0917-768x576.jpg 768w, https:\/\/panontech.com\/wp-content\/uploads\/2015\/12\/IMG_0917-1024x768.jpg 1024w, https:\/\/panontech.com\/wp-content\/uploads\/2015\/12\/IMG_0917-830x623.jpg 830w, https:\/\/panontech.com\/wp-content\/uploads\/2015\/12\/IMG_0917-230x173.jpg 230w, https:\/\/panontech.com\/wp-content\/uploads\/2015\/12\/IMG_0917-350x263.jpg 350w\" sizes=\"(max-width: 526px) 100vw, 526px\" \/><\/a><\/p>\n<p style=\"text-align: center;\"><a href=\"http:\/\/panontech.com\/wp-content\/uploads\/2017\/01\/20150331_143017.jpg\"><img loading=\"lazy\" class=\"alignnone wp-image-1563\" src=\"http:\/\/panontech.com\/wp-content\/uploads\/2017\/01\/20150331_143017.jpg\" alt=\"\" width=\"540\" height=\"304\" srcset=\"https:\/\/panontech.com\/wp-content\/uploads\/2017\/01\/20150331_143017.jpg 4128w, https:\/\/panontech.com\/wp-content\/uploads\/2017\/01\/20150331_143017-300x169.jpg 300w, https:\/\/panontech.com\/wp-content\/uploads\/2017\/01\/20150331_143017-768x432.jpg 768w, https:\/\/panontech.com\/wp-content\/uploads\/2017\/01\/20150331_143017-1024x576.jpg 1024w, https:\/\/panontech.com\/wp-content\/uploads\/2017\/01\/20150331_143017-830x467.jpg 830w, https:\/\/panontech.com\/wp-content\/uploads\/2017\/01\/20150331_143017-230x129.jpg 230w, https:\/\/panontech.com\/wp-content\/uploads\/2017\/01\/20150331_143017-350x197.jpg 350w\" sizes=\"(max-width: 540px) 100vw, 540px\" \/><\/a><\/p>\n<p style=\"text-align: center;\">&nbsp;<\/p>\n<p><\/p>","protected":false},"excerpt":{"rendered":"Izra\u0111ujemo i montiramo sve vrste \u010deli\u010dnih konstrukcija, te&nbsp; vr\u0161imo usluge planiranja i savjetovanja, izvo\u0111enja bravarskih i limarskih radova za: &#8211; \u010deli\u010dne konstrukcije za hale svih tipova i veli\u010dina &#8211; podkonstrukcije za krovove i fasade &#8211; nadstre\u0161nice za parkirali\u0161ta, dvori\u0161ta &#8211; nosa\u010de, stupove i grede &nbsp; &nbsp; &nbsp; &nbsp; &nbsp;","protected":false},"author":1,"featured_media":0,"parent":10,"menu_order":0,"comment_status":"closed","ping_status":"closed","template":"","meta":{"ngg_post_thumbnail":0},"categories":[],"tags":[],"_links":{"self":[{"href":"https:\/\/panontech.com\/index.php?rest_route=\/wp\/v2\/pages\/1491"}],"collection":[{"href":"https:\/\/panontech.com\/index.php?rest_route=\/wp\/v2\/pages"}],"about":[{"href":"https:\/\/panontech.com\/index.php?rest_route=\/wp\/v2\/types\/page"}],"author":[{"embeddable":true,"href":"https:\/\/panontech.com\/index.php?rest_route=\/wp\/v2\/users\/1"}],"replies":[{"embeddable":true,"href":"https:\/\/panontech.com\/index.php?rest_route=%2Fwp%2Fv2%2Fcomments&post=1491"}],"version-history":[{"count":16,"href":"https:\/\/panontech.com\/index.php?rest_route=\/wp\/v2\/pages\/1491\/revisions"}],"predecessor-version":[{"id":1624,"href":"https:\/\/panontech.com\/index.php?rest_route=\/wp\/v2\/pages\/1491\/revisions\/1624"}],"up":[{"embeddable":true,"href":"https:\/\/panontech.com\/index.php?rest_route=\/wp\/v2\/pages\/10"}],"wp:attachment":[{"href":"https:\/\/panontech.com\/index.php?rest_route=%2Fwp%2Fv2%2Fmedia&parent=1491"}],"wp:term":[{"taxonomy":"category","embeddable":true,"href":"https:\/\/panontech.com\/index.php?rest_route=%2Fwp%2Fv2%2Fcategories&post=1491"},{"taxonomy":"post_tag","embeddable":true,"href":"https:\/\/panontech.com\/index.php?rest_route=%2Fwp%2Fv2%2Ftags&post=1491"}],"curies":[{"name":"wp","href":"https:\/\/api.w.org\/{rel}","templated":true}]}}