{"id":12,"date":"2015-11-30T07:38:28","date_gmt":"2015-11-30T07:38:28","guid":{"rendered":"http:\/\/panontech.com\/wordpress\/?page_id=12"},"modified":"2016-09-07T06:18:59","modified_gmt":"2016-09-07T06:18:59","slug":"services","status":"publish","type":"page","link":"https:\/\/panontech.com\/?page_id=12","title":{"rendered":"Usluge"},"content":{"rendered":"<p>Sve na\u0161e klijente savjetujemo pri raznim investicijama i ulaganjima kako bi odabrali kvalitetnu opremu sa najboljim omjerom ulo\u017eenog i dobivenog.<br \/>\nNudimo pomo\u0107 u izradi nacrta, planova i projekata za izgradnju i opremanje novih te adaptacije postoje\u0107ih objekata.<br \/>\nUvoz, transport, prodaja i servis svih vrsta opreme i rezervnih dijelova.<br \/>\nIzrada i monta\u017ea  raznih proivoda od metala kao \u0161to su spremnici, dozirni kontejneri, platforme, ljestve, penjalice ograde, metalne konstrukcije&#8230;<br \/>\nUsluge odr\u017eavanja nove i postoje\u0107e opreme na farmama i bioplinskim postrojenjima. <\/p>","protected":false},"excerpt":{"rendered":"Sve na\u0161e klijente savjetujemo pri raznim investicijama i ulaganjima kako bi odabrali kvalitetnu opremu sa najboljim omjerom ulo\u017eenog i dobivenog. Nudimo pomo\u0107 u izradi nacrta, planova i projekata za izgradnju i opremanje novih te adaptacije postoje\u0107ih objekata. Uvoz, transport, prodaja i servis svih vrsta opreme i rezervnih dijelova. Izrada i monta\u017ea raznih proivoda od metala [&hellip;]","protected":false},"author":1,"featured_media":0,"parent":0,"menu_order":3,"comment_status":"closed","ping_status":"closed","template":"","meta":{"ngg_post_thumbnail":0},"categories":[],"tags":[],"_links":{"self":[{"href":"https:\/\/panontech.com\/index.php?rest_route=\/wp\/v2\/pages\/12"}],"collection":[{"href":"https:\/\/panontech.com\/index.php?rest_route=\/wp\/v2\/pages"}],"about":[{"href":"https:\/\/panontech.com\/index.php?rest_route=\/wp\/v2\/types\/page"}],"author":[{"embeddable":true,"href":"https:\/\/panontech.com\/index.php?rest_route=\/wp\/v2\/users\/1"}],"replies":[{"embeddable":true,"href":"https:\/\/panontech.com\/index.php?rest_route=%2Fwp%2Fv2%2Fcomments&post=12"}],"version-history":[{"count":5,"href":"https:\/\/panontech.com\/index.php?rest_route=\/wp\/v2\/pages\/12\/revisions"}],"predecessor-version":[{"id":572,"href":"https:\/\/panontech.com\/index.php?rest_route=\/wp\/v2\/pages\/12\/revisions\/572"}],"wp:attachment":[{"href":"https:\/\/panontech.com\/index.php?rest_route=%2Fwp%2Fv2%2Fmedia&parent=12"}],"wp:term":[{"taxonomy":"category","embeddable":true,"href":"https:\/\/panontech.com\/index.php?rest_route=%2Fwp%2Fv2%2Fcategories&post=12"},{"taxonomy":"post_tag","embeddable":true,"href":"https:\/\/panontech.com\/index.php?rest_route=%2Fwp%2Fv2%2Ftags&post=12"}],"curies":[{"name":"wp","href":"https:\/\/api.w.org\/{rel}","templated":true}]}}