{"id":1192,"date":"2016-12-07T14:03:28","date_gmt":"2016-12-07T14:03:28","guid":{"rendered":"http:\/\/panontech.com\/?page_id=1192"},"modified":"2016-12-07T14:10:14","modified_gmt":"2016-12-07T14:10:14","slug":"rainstar-e","status":"publish","type":"page","link":"https:\/\/panontech.com\/?page_id=1192","title":{"rendered":"RAINSTAR E"},"content":{"rendered":"<p><span id=\"result_box\" class=\"\" lang=\"hr\">Ova generacija RAINSTAR-a se predstavlja u potpuno novom dizajnu. Vru\u0107e pocin\u010dano \u010deli\u010dna konstrukcija je vidljiv dokaz o sintezi tehnologije, robusnosti, trajnosti i dizajna. Cjelokupna proizvodnja je napravljen prema najvi\u0161im standardima kvalitete prema normi ISO <span class=\"\">9001<\/span><span class=\"\">.<\/span><\/span><\/p>\n<p>&nbsp;<a href=\"http:\/\/panontech.com\/wp-content\/uploads\/2016\/12\/235_530144455b0b416e121c82ceaa7c4bdb.jpg\"><img loading=\"lazy\" class=\"alignnone size-full wp-image-1196\" src=\"http:\/\/panontech.com\/wp-content\/uploads\/2016\/12\/235_530144455b0b416e121c82ceaa7c4bdb.jpg\" alt=\"\" height=\"896\" width=\"1024\" srcset=\"https:\/\/panontech.com\/wp-content\/uploads\/2016\/12\/235_530144455b0b416e121c82ceaa7c4bdb.jpg 1024w, https:\/\/panontech.com\/wp-content\/uploads\/2016\/12\/235_530144455b0b416e121c82ceaa7c4bdb-300x263.jpg 300w, https:\/\/panontech.com\/wp-content\/uploads\/2016\/12\/235_530144455b0b416e121c82ceaa7c4bdb-768x672.jpg 768w, https:\/\/panontech.com\/wp-content\/uploads\/2016\/12\/235_530144455b0b416e121c82ceaa7c4bdb-830x726.jpg 830w, https:\/\/panontech.com\/wp-content\/uploads\/2016\/12\/235_530144455b0b416e121c82ceaa7c4bdb-230x201.jpg 230w, https:\/\/panontech.com\/wp-content\/uploads\/2016\/12\/235_530144455b0b416e121c82ceaa7c4bdb-350x306.jpg 350w\" sizes=\"(max-width: 1024px) 100vw, 1024px\" \/><\/a> <a href=\"http:\/\/panontech.com\/wp-content\/uploads\/2016\/12\/238_530144455b0b416e121c82ceaa7c4bdb.jpg\"><img loading=\"lazy\" class=\"alignnone size-full wp-image-1197\" src=\"http:\/\/panontech.com\/wp-content\/uploads\/2016\/12\/238_530144455b0b416e121c82ceaa7c4bdb.jpg\" alt=\"\" height=\"911\" width=\"1024\" srcset=\"https:\/\/panontech.com\/wp-content\/uploads\/2016\/12\/238_530144455b0b416e121c82ceaa7c4bdb.jpg 1024w, https:\/\/panontech.com\/wp-content\/uploads\/2016\/12\/238_530144455b0b416e121c82ceaa7c4bdb-300x267.jpg 300w, https:\/\/panontech.com\/wp-content\/uploads\/2016\/12\/238_530144455b0b416e121c82ceaa7c4bdb-768x683.jpg 768w, https:\/\/panontech.com\/wp-content\/uploads\/2016\/12\/238_530144455b0b416e121c82ceaa7c4bdb-830x738.jpg 830w, https:\/\/panontech.com\/wp-content\/uploads\/2016\/12\/238_530144455b0b416e121c82ceaa7c4bdb-230x205.jpg 230w, https:\/\/panontech.com\/wp-content\/uploads\/2016\/12\/238_530144455b0b416e121c82ceaa7c4bdb-350x311.jpg 350w\" sizes=\"(max-width: 1024px) 100vw, 1024px\" \/><\/a><\/p>","protected":false},"excerpt":{"rendered":"Ova generacija RAINSTAR-a se predstavlja u potpuno novom dizajnu. Vru\u0107e pocin\u010dano \u010deli\u010dna konstrukcija je vidljiv dokaz o sintezi tehnologije, robusnosti, trajnosti i dizajna. Cjelokupna proizvodnja je napravljen prema najvi\u0161im standardima kvalitete prema normi ISO 9001. &nbsp;","protected":false},"author":1,"featured_media":0,"parent":1171,"menu_order":0,"comment_status":"closed","ping_status":"closed","template":"","meta":{"ngg_post_thumbnail":0},"categories":[],"tags":[],"_links":{"self":[{"href":"https:\/\/panontech.com\/index.php?rest_route=\/wp\/v2\/pages\/1192"}],"collection":[{"href":"https:\/\/panontech.com\/index.php?rest_route=\/wp\/v2\/pages"}],"about":[{"href":"https:\/\/panontech.com\/index.php?rest_route=\/wp\/v2\/types\/page"}],"author":[{"embeddable":true,"href":"https:\/\/panontech.com\/index.php?rest_route=\/wp\/v2\/users\/1"}],"replies":[{"embeddable":true,"href":"https:\/\/panontech.com\/index.php?rest_route=%2Fwp%2Fv2%2Fcomments&post=1192"}],"version-history":[{"count":2,"href":"https:\/\/panontech.com\/index.php?rest_route=\/wp\/v2\/pages\/1192\/revisions"}],"predecessor-version":[{"id":1198,"href":"https:\/\/panontech.com\/index.php?rest_route=\/wp\/v2\/pages\/1192\/revisions\/1198"}],"up":[{"embeddable":true,"href":"https:\/\/panontech.com\/index.php?rest_route=\/wp\/v2\/pages\/1171"}],"wp:attachment":[{"href":"https:\/\/panontech.com\/index.php?rest_route=%2Fwp%2Fv2%2Fmedia&parent=1192"}],"wp:term":[{"taxonomy":"category","embeddable":true,"href":"https:\/\/panontech.com\/index.php?rest_route=%2Fwp%2Fv2%2Fcategories&post=1192"},{"taxonomy":"post_tag","embeddable":true,"href":"https:\/\/panontech.com\/index.php?rest_route=%2Fwp%2Fv2%2Ftags&post=1192"}],"curies":[{"name":"wp","href":"https:\/\/api.w.org\/{rel}","templated":true}]}}