{"id":1093,"date":"2016-12-05T15:47:56","date_gmt":"2016-12-05T15:47:56","guid":{"rendered":"http:\/\/panontech.com\/?page_id=1093"},"modified":"2016-12-07T08:34:47","modified_gmt":"2016-12-07T08:34:47","slug":"monostar-9000","status":"publish","type":"page","link":"https:\/\/panontech.com\/?page_id=1093","title":{"rendered":"Monostar 9000"},"content":{"rendered":"<p><\/p>\n<div class=\"gt-hl-layer\" dir=\"ltr\"><strong><span id=\"source\" class=\"goog-textarea\" dir=\"ltr\" tabindex=\"0\" spellcheck=\"false\" lang=\"hr\"><span class=\"\">Prednosti <\/span>Monostar<\/span><\/strong><span id=\"source\" class=\"goog-textarea\" dir=\"ltr\" tabindex=\"0\" spellcheck=\"false\" lang=\"hr\"><\/span><\/div>\n<div id=\"gt-src-c\" class=\"g-unit\">\n<div id=\"gt-src-p\">\n<div id=\"gt-src-wrap\" class=\"\">\n<ul>\n<li><span id=\"source\" class=\"goog-textarea\" dir=\"ltr\" tabindex=\"0\" spellcheck=\"false\" lang=\"hr\"><span class=\"\">Idealno za<\/span> <span class=\"\">intenzivan uzgoj<\/span><\/span><\/li>\n<li><span id=\"source\" class=\"goog-textarea\" dir=\"ltr\" tabindex=\"0\" spellcheck=\"false\" lang=\"hr\">Fleksibilni sustav <span class=\"\">za navodnjavanje &#8211;<\/span> okretan i mobilan<\/span><span id=\"source\" class=\"goog-textarea\" dir=\"ltr\" tabindex=\"0\" spellcheck=\"false\" lang=\"hr\"><span id=\"source\" class=\"goog-textarea\" dir=\"ltr\" tabindex=\"0\" spellcheck=\"false\" lang=\"hr\"><\/span><\/span><\/li>\n<li><span id=\"source\" class=\"goog-textarea\" dir=\"ltr\" tabindex=\"0\" spellcheck=\"false\" lang=\"hr\"><span id=\"source\" class=\"goog-textarea\" dir=\"ltr\" tabindex=\"0\" spellcheck=\"false\" lang=\"hr\">Optimalna prilagodba plodoreda<\/span><\/span><\/li>\n<li><span id=\"source\" class=\"goog-textarea\" dir=\"ltr\" tabindex=\"0\" spellcheck=\"false\" lang=\"hr\"><span id=\"source\" class=\"goog-textarea\" dir=\"ltr\" tabindex=\"0\" spellcheck=\"false\" lang=\"hr\"><\/span><span id=\"source\" class=\"goog-textarea\" dir=\"ltr\" tabindex=\"0\" spellcheck=\"false\" lang=\"hr\">\u0160tedljivi niskotla\u010dni sustav<\/span><\/span><\/li>\n<li><span id=\"source\" class=\"goog-textarea\" dir=\"ltr\" tabindex=\"0\" spellcheck=\"false\" lang=\"hr\"><span id=\"source\" class=\"goog-textarea\" dir=\"ltr\" tabindex=\"0\" spellcheck=\"false\" lang=\"hr\">Niski tro\u0161kovi rada<\/span><\/span><\/li>\n<li><span id=\"source\" class=\"goog-textarea\" dir=\"ltr\" tabindex=\"0\" spellcheck=\"false\" lang=\"hr\"><span id=\"source\" class=\"goog-textarea\" dir=\"ltr\" tabindex=\"0\" spellcheck=\"false\" lang=\"hr\">Optimalna kvaliteta ki\u0161e zahvaljuju\u0107i <span class=\"\">mlaznica za raspr\u0161ivanje<\/span><\/span><\/span><\/li>\n<li><span id=\"source\" class=\"goog-textarea\" dir=\"ltr\" tabindex=\"0\" spellcheck=\"false\" lang=\"hr\"><span id=\"source\" class=\"goog-textarea\" dir=\"ltr\" tabindex=\"0\" spellcheck=\"false\" lang=\"hr\">Visoka razina u\u010dinkovitosti <span class=\"\">za navodnjavanje<\/span> (do 93%) <\/span><\/span><\/li>\n<li><span id=\"source\" class=\"goog-textarea\" dir=\"ltr\" tabindex=\"0\" spellcheck=\"false\" lang=\"hr\"><span id=\"source\" class=\"goog-textarea\" dir=\"ltr\" tabindex=\"0\" spellcheck=\"false\" lang=\"hr\"> Nje\u017ean prema usjevima &#8211; kretanje slijedi brazde usjeva<\/span><\/span><\/li>\n<li><span id=\"source\" class=\"goog-textarea\" dir=\"ltr\" tabindex=\"0\" spellcheck=\"false\" lang=\"hr\"><span id=\"source\" class=\"goog-textarea\" dir=\"ltr\" tabindex=\"0\" spellcheck=\"false\" lang=\"hr\">Mo\u017ee se kontrolirati mobilnim telefon<\/span>om.<\/span><\/li>\n<li><span id=\"source\" class=\"goog-textarea\" dir=\"ltr\" tabindex=\"0\" spellcheck=\"false\" lang=\"hr\"><span id=\"source\" class=\"goog-textarea\" dir=\"ltr\" tabindex=\"0\" spellcheck=\"false\" lang=\"hr\">Idealno za intenzivan uzgoj<\/span><\/span><\/li>\n<li><span id=\"source\" class=\"goog-textarea\" dir=\"ltr\" tabindex=\"0\" spellcheck=\"false\" lang=\"hr\"><span id=\"source\" class=\"goog-textarea\" dir=\"ltr\" tabindex=\"0\" spellcheck=\"false\" lang=\"hr\">Optimalna prilagodba plodoredu<\/span><\/span><\/li>\n<li><span id=\"source\" class=\"goog-textarea\" dir=\"ltr\" tabindex=\"0\" spellcheck=\"false\" lang=\"hr\"><span id=\"result_box\" class=\"\" lang=\"hr\">To\u010dno navo\u0111enje <span class=\"\">brazdi<\/span><\/span><\/span><\/li>\n<li><span id=\"source\" class=\"goog-textarea\" dir=\"ltr\" tabindex=\"0\" spellcheck=\"false\" lang=\"hr\"><span id=\"result_box\" class=\"\" lang=\"hr\"><span class=\"\">Odr\u017eava<\/span> <span class=\"\">se na putanji<\/span> zahvaljuju\u0107i kliza\u010dima koji klize u brazdi<\/span><\/span><span id=\"source\" class=\"goog-textarea\" dir=\"ltr\" tabindex=\"0\" spellcheck=\"false\" lang=\"hr\"><\/span><\/li>\n<li><span id=\"source\" class=\"goog-textarea\" dir=\"ltr\" tabindex=\"0\" spellcheck=\"false\" lang=\"hr\"><span id=\"result_box\" class=\"\" lang=\"hr\">Za transport i rotacije, kliza\u010di <span class=\"\">mogu biti presavijeni<\/span><\/span><\/span><\/li>\n<li><span id=\"source\" class=\"goog-textarea\" dir=\"ltr\" tabindex=\"0\" spellcheck=\"false\" lang=\"hr\"><span id=\"result_box\" class=\"\" lang=\"hr\">Okretanje <span class=\"\">kota\u010da<\/span> na <span class=\"\">pritisak gumba<\/span><\/span><\/span><\/li>\n<li><span id=\"result_box\" class=\"\" lang=\"hr\"><span class=\"\">Putem<\/span> upravlja\u010dke jedinice kota\u010di se mogu lako zakrenuti pomo\u0107u pogonskih motora.<\/span><\/li>\n<li><span id=\"result_box\" class=\"\" tabindex=\"-1\" lang=\"hr\"><span class=\"\">\u0160tedi vrijeme<\/span><\/span><\/li>\n<li><span id=\"result_box\" class=\"\" tabindex=\"-1\" lang=\"hr\"><span class=\"\">Nakon rotiranja<\/span> <span class=\"\">kota\u010da,<\/span> Monostar mo\u017ee biti na obje strane odmah premje\u0161ten na drugu povr\u0161inu za&nbsp; navodnjavanje.<\/span><\/li>\n<\/ul>\n<p><span id=\"result_box\" class=\"\" tabindex=\"-1\" lang=\"hr\"><a href=\"http:\/\/panontech.com\/wp-content\/uploads\/2016\/12\/492_530144455b0b416e121c82ceaa7c4bdb.jpg\"><img loading=\"lazy\" class=\"alignnone size-full wp-image-1094\" src=\"http:\/\/panontech.com\/wp-content\/uploads\/2016\/12\/492_530144455b0b416e121c82ceaa7c4bdb.jpg\" alt=\"492_530144455b0b416e121c82ceaa7c4bdb\" height=\"768\" width=\"1024\" srcset=\"https:\/\/panontech.com\/wp-content\/uploads\/2016\/12\/492_530144455b0b416e121c82ceaa7c4bdb.jpg 1024w, https:\/\/panontech.com\/wp-content\/uploads\/2016\/12\/492_530144455b0b416e121c82ceaa7c4bdb-300x225.jpg 300w, https:\/\/panontech.com\/wp-content\/uploads\/2016\/12\/492_530144455b0b416e121c82ceaa7c4bdb-768x576.jpg 768w, https:\/\/panontech.com\/wp-content\/uploads\/2016\/12\/492_530144455b0b416e121c82ceaa7c4bdb-830x623.jpg 830w, https:\/\/panontech.com\/wp-content\/uploads\/2016\/12\/492_530144455b0b416e121c82ceaa7c4bdb-230x173.jpg 230w, https:\/\/panontech.com\/wp-content\/uploads\/2016\/12\/492_530144455b0b416e121c82ceaa7c4bdb-350x263.jpg 350w\" sizes=\"(max-width: 1024px) 100vw, 1024px\" \/><\/a><\/span><span id=\"result_box\" class=\"\" tabindex=\"-1\" lang=\"hr\"><a href=\"http:\/\/panontech.com\/wp-content\/uploads\/2016\/12\/476_530144455b0b416e121c82ceaa7c4bdb-1.jpg\"><img loading=\"lazy\" class=\"alignnone size-full wp-image-1099\" src=\"http:\/\/panontech.com\/wp-content\/uploads\/2016\/12\/476_530144455b0b416e121c82ceaa7c4bdb-1.jpg\" alt=\"476_530144455b0b416e121c82ceaa7c4bdb\" height=\"665\" width=\"1024\" srcset=\"https:\/\/panontech.com\/wp-content\/uploads\/2016\/12\/476_530144455b0b416e121c82ceaa7c4bdb-1.jpg 1024w, https:\/\/panontech.com\/wp-content\/uploads\/2016\/12\/476_530144455b0b416e121c82ceaa7c4bdb-1-300x195.jpg 300w, https:\/\/panontech.com\/wp-content\/uploads\/2016\/12\/476_530144455b0b416e121c82ceaa7c4bdb-1-768x499.jpg 768w, https:\/\/panontech.com\/wp-content\/uploads\/2016\/12\/476_530144455b0b416e121c82ceaa7c4bdb-1-830x539.jpg 830w, https:\/\/panontech.com\/wp-content\/uploads\/2016\/12\/476_530144455b0b416e121c82ceaa7c4bdb-1-230x149.jpg 230w, https:\/\/panontech.com\/wp-content\/uploads\/2016\/12\/476_530144455b0b416e121c82ceaa7c4bdb-1-350x227.jpg 350w\" sizes=\"(max-width: 1024px) 100vw, 1024px\" \/><\/a><\/span><\/p>\n<p>&nbsp;<\/p>\n<\/div>\n<\/div>\n<\/div>\n<p><\/p>","protected":false},"excerpt":{"rendered":"Prednosti Monostar Idealno za intenzivan uzgoj Fleksibilni sustav za navodnjavanje &#8211; okretan i mobilan Optimalna prilagodba plodoreda \u0160tedljivi niskotla\u010dni sustav Niski tro\u0161kovi rada Optimalna kvaliteta ki\u0161e zahvaljuju\u0107i mlaznica za raspr\u0161ivanje Visoka razina u\u010dinkovitosti za navodnjavanje (do 93%) Nje\u017ean prema usjevima &#8211; kretanje slijedi brazde usjeva Mo\u017ee se kontrolirati mobilnim telefonom. Idealno za intenzivan uzgoj Optimalna [&hellip;]","protected":false},"author":1,"featured_media":0,"parent":1051,"menu_order":0,"comment_status":"closed","ping_status":"closed","template":"","meta":{"ngg_post_thumbnail":0},"categories":[],"tags":[],"_links":{"self":[{"href":"https:\/\/panontech.com\/index.php?rest_route=\/wp\/v2\/pages\/1093"}],"collection":[{"href":"https:\/\/panontech.com\/index.php?rest_route=\/wp\/v2\/pages"}],"about":[{"href":"https:\/\/panontech.com\/index.php?rest_route=\/wp\/v2\/types\/page"}],"author":[{"embeddable":true,"href":"https:\/\/panontech.com\/index.php?rest_route=\/wp\/v2\/users\/1"}],"replies":[{"embeddable":true,"href":"https:\/\/panontech.com\/index.php?rest_route=%2Fwp%2Fv2%2Fcomments&post=1093"}],"version-history":[{"count":7,"href":"https:\/\/panontech.com\/index.php?rest_route=\/wp\/v2\/pages\/1093\/revisions"}],"predecessor-version":[{"id":1150,"href":"https:\/\/panontech.com\/index.php?rest_route=\/wp\/v2\/pages\/1093\/revisions\/1150"}],"up":[{"embeddable":true,"href":"https:\/\/panontech.com\/index.php?rest_route=\/wp\/v2\/pages\/1051"}],"wp:attachment":[{"href":"https:\/\/panontech.com\/index.php?rest_route=%2Fwp%2Fv2%2Fmedia&parent=1093"}],"wp:term":[{"taxonomy":"category","embeddable":true,"href":"https:\/\/panontech.com\/index.php?rest_route=%2Fwp%2Fv2%2Fcategories&post=1093"},{"taxonomy":"post_tag","embeddable":true,"href":"https:\/\/panontech.com\/index.php?rest_route=%2Fwp%2Fv2%2Ftags&post=1093"}],"curies":[{"name":"wp","href":"https:\/\/api.w.org\/{rel}","templated":true}]}}